r when n(j) is divided by 32?
31
Suppose -77 = 5*a - 277. Let l = 1934 + -1919. What is the remainder when a is divided by l?
10
Let m(q) = q**2 + 2*q - 4. Let i be m(-2). Let l = 14 - -41. What is the remainder when l is divided by (i/6)/(3 - 64/21)?
13
Suppose -4*x + 17 = 2*p - 5, -2*x + 21 = 3*p. Calculate the remainder when x is divided by (1 + -1)/2 + 2.
1
Let z = 7 - 7. Let i = z + 22. Suppose 0 = -0*h + 7*h - 56. What is the remainder when i is divided by h?
6
Let v(k) = -k**3 + 13*k**2 + 16*k + 14. Let w(c) = -4 + 6*c - 14 + 20. Let t be w(2). What is the remainder when v(t) is divided by 15?
12
Suppose 9*g - 311 = 1390. Calculate the remainder when g is divided by 22.
13
Let k = 83 - 54. Let a = k - 33. Calculate the remainder when ((-14)/a)/7*76 is divided by 13.
12
Suppose 0 = 4*n - 0*n - 36. Let t(r) = 11*r**2 + 10*r - 22. Calculate the remainder when t(2) is divided by n.
6
Let g be -8*(-5)/40*6. Suppose g = y + 16. Let a = 22 + y. What is the remainder when 23 is divided by a?
11
Suppose 4*a + 325 = 3*l, -3*l - 117 = -4*l - 3*a. Let h = l + -37. Calculate the remainder when h is divided by 15.
14
Let g(p) = p**2 - 8*p + 9. Let c be g(8). Calculate the remainder when 98 is divided by (3/c*3)/(1/25).
23
Let u be 1 - ((2 - 3) + 0). Suppose -5*k - 5*p = -365, 332 = u*k + 2*k - 4*p. Suppose z = 4*z - k. What is the remainder when z is divided by 14?
12
Suppose -2*p - 33 = -4*u + 219, -3*u + 5*p + 182 = 0. What is the remainder when u is divided by 6?
4
Let j(w) = -w**2 + 13*w - 6. Calculate the remainder when 175 is divided by j(9).
25
Suppose -4*u + 16 = 5*o, 4*o - u = -10 + 27. Suppose 0 = -4*m - 0 + o. What is the remainder when (-1)/(2 + (-5 - -2)) is divided by m?
0
What is the remainder when 131 is divided by 237/60*6 + 78/260?
11
Calculate the remainder when 178 is divided by -1 - 1 - 0/11 - -18.
2
Let n(c) = 16*c - 9. Suppose 5 + 4 = 9*k. Calculate the remainder when 12/10*2*5 is divided by n(k).
5
Suppose -8*x + 3*x + 295 = -5*y, x + 5*y - 47 = 0. Suppose 0 = -11*i + 14*i - x. Let l(q) = -56*q. Calculate the remainder when l(-1) is divided by i.
18
Let c = -906 - -926. Calculate the remainder when 38 is divided by c.
18
Let w(t) = -13*t - 110. Calculate the remainder when w(-18) is divided by 16.
12
Let c = 16 + -5. Let t = -172 - -192. What is the remainder when t is divided by c?
9
Let q = -54 - -80. What is the remainder when 118 is divided by q?
14
Let a = -121 + 181. Suppose 5*k - 4*i - 65 + 7 = 0, 0 = -5*k + 5*i + a. Let y = 22 - k. What is the remainder when 23 is divided by y?
11
Let w = 2144 - 2028. What is the remainder when w is divided by 29?
0
Let s = -71 - -79. What is the remainder when 23 + (s - 3 - (0 - -1)) is divided by 1/3*7*3?
6
Let x(y) = -y. Let v be x(-3). Suppose 0 = 3*g + 6, -w + 33 = 2*w + v*g. What is the remainder when (w - 11)/((-1)/(-57)) is divided by 29?
27
Suppose -y - 52 = -0*a + a, -4*y + 4*a = 248. Suppose -8*l + 3*l + 10 = 0, -25 = -k - 2*l. What is the remainder when k is divided by 76/y*18/(-4)?
3
Let y(f) be the second derivative of 7*f**3/6 + 7*f**2/2 + 3*f. Let z be y(8). Let q = z + -33. Calculate the remainder when q is divided by 8.
6
Suppose -4 = -z - z. Suppose z*a = 3*k + 16, a - 36 = -3*a + 4*k. Let v = 20 - a. What is the remainder when 34 is divided by v?
7
Let x = -12 - -10. Suppose f + 4 = 0, 6 = -2*s + s - 3*f. What is the remainder when 7 + 4/(-4) - x is divided by s?
2
Suppose -3*h + 107 + 7 = 2*f, 169 = 3*f + 5*h. What is the remainder when 182 is divided by f?
56
Let m(i) = 3*i**2 + i + 3. Let w = 43 - 23. Suppose p = -5*h + 74, -2*h - 4*p + w = -6*p. Calculate the remainder when m(-3) is divided by h.
13
Suppose 5*b - 3*k = 62, -3*k - 16 - 7 = -2*b. What is the remainder when 76 is divided by b?
11
Suppose -57*o = -47*o - 800. What is the remainder when 398 is divided by o?
78
Suppose 101 = 2*m - k - 0*k, 2*m + k - 107 = 0. What is the remainder when 152 is divided by m?
48
Suppose 2*p = -75*m + 72*m + 425, -2*m - 4*p + 278 = 0. Calculate the remainder when m is divided by 32.
15
Let i = -72 + 101. Suppose 5*z = 4*k - 559, -2*z - 139 = -2*k + 141. What is the remainder when k is divided by i?
25
Suppose -3*c = b - 15, 2*b - 7*b - c = -33. Calculate the remainder when 45 is divided by b.
3
Suppose 5*q = -3*v + 121, 3*v + 60 = 5*q - 49. What is the remainder when 664 is divided by q?
20
Suppose 0 = o + 2*x, 15*o = 17*o + 3*x. Suppose o*i - y = 2*i - 60, -y + 29 = i. Calculate the remainder when i is divided by 16.
15
Let t(p) = p**2 + 26*p - 70. What is the remainder when t(-30) is divided by 13?
11
What is the remainder when (5 + (-123)/27)*9 - -15 is divided by 14?
5
Let x(c) = -c**3 + c**2 - 11*c + 20. Calculate the remainder when x(-6) is divided by 108.
14
Let y(a) = -a**2 + 25*a - 25. Let m be y(23). Suppose -3*l = 3*p - 33, 20*l - m*l - 13 = -p. What is the remainder when 20 is divided by p?
8
Let c be 97 + -4 + (3 + -4 - -5). Let d = c - 83. Let x = -8 - -16. What is the remainder when d is divided by x?
6
Suppose 0*k + 189 = k. Calculate the remainder when k is divided by -4*6*(-64)/48.
29
Let g(q) = -q**3 - 5*q**2 - 8*q - 2. Calculate the remainder when g(-1) is divided by (-2)/(-3)*6/2.
0
Let p(j) = -j**3 - 22*j**2 - 23*j - 22. Let d = 100 - 22. Suppose 0 = 2*o - o - d. What is the remainder when o is divided by p(-21)?
18
Let n be (182/(-42))/((-2)/6). Suppose n*s + 39 = 16*s. Calculate the remainder when 17 is divided by s.
4
Suppose 4*b - 4*x = 148, -9*x + 5*x = 3*b - 132. Calculate the remainder when 358 is divided by b.
38
Calculate the remainder when 35 is divided by (-61)/(-4) + (-25)/20.
7
Suppose -4*x = -16, -3*b + b - x + 312 = 0. What is the remainder when b is divided by 13?
11
Suppose h = -h + 280. Suppose -4*a + 3*n = -3*a - 35, 0 = -4*a + 3*n + h. Suppose -a = -8*g + g. What is the remainder when 18 is divided by g?
3
Let d be (-1 + 5)/(-4 - -5). Let a be ((-4)/8)/(d/(-24)). Suppose -5*u = -0*m - a*m - 139, 4*m = -4*u + 92. Calculate the remainder when 101 is divided by u.
23
Suppose 4*f + 4980 = 2*q + 2*q, 0 = -2*q - 2*f + 2490. What is the remainder when q is divided by 96?
93
Suppose -h + 116 = 2*s, -11*h + 8*h + 338 = -4*s. Let b(o) = 4*o - 1. Calculate the remainder when h is divided by b(6).
22
Suppose 0 = 59*g - 91*g + 2016. What is the remainder when g is divided by 23?
17
Let o(l) = -7*l + 1. Let a be o(-5). Suppose -5*y + a = 6*r - 3*r, 40 = 4*r + 4*y. What is the remainder when (-4)/1*44/(-16) is divided by r?
4
Suppose 4*l = -4*q + 444, q + 531 = 6*q - 3*l. Calculate the remainder when q is divided by (37/(-2))/((-2)/4).
34
Let q(t) = -3*t - 1. Let j be q(1). Let d(z) = 6*z + 11*z + z**2 - 15*z + 1. Calculate the remainder when d(j) is divided by 3.
0
Let j be (14/6)/(2/6). Suppose p = 4, p - 68 = -3*i - j. Calculate the remainder when 341 is divided by i.
18
Let i(t) = t**3 - 4*t**2 + 12*t - 21. What is the remainder when 122 is divided by i(5)?
58
Let y be 6 + -4 - 3 - -1. Suppose r - 23 = -y*r. Calculate the remainder when r is divided by (3 - 0)/(2/6).
5
Let u = 688 - 576. Calculate the remainder when u is divided by 33.
13
Let t(r) = -2*r**3 - 7*r**2 + 3. Suppose -38*d + 37*d = -10. Calculate the remainder when t(-5) is divided by d.
8
Suppose -14*r = -11*r + 6*k - 75, 0 = -5*r + 5*k + 140. What is the remainder when 1131 is divided by r?
24
Suppose 3*k + 0*j - 38 = 4*j, -2 = -2*j. Suppose -3*n = -3*f + 6, 5*n - 8 - k = -3*f. Calculate the remainder when 58 is divided by 15 + (n - 2 - 0).
13
Let c = 1364 + -1343. Suppose -4*m - 47 = -451. Calculate the remainder when m is divided by c.
17
Suppose 3*w + 2*g = 174, -37*w - 3*g = -42*w + 271. Calculate the remainder when 231 is divided by w.
7
Let u(l) = 37*l - 23. Calculate the remainder when 118 is divided by u(2).
16
Let x be (537/(-12) - -5)*8/(-3). Suppose p - 1 - x = 0. What is the remainder when p is divided by 28?
23
Suppose 8*f - 105 = 13*f. Let s = 33 + f. What is the remainder when 43 is divided by s?
7
Let m(r) = r**2 - 40*r + 154. What is the remainder when 12 is divided by m(36)?
2
Suppose 35*p - 10*p - 675 = 0. Calculate the remainder when p is divided by 18.
9
Let h = 12 + -22. Let b be (8/20)/((-2)/h). Suppose 9 = w + b. What is the remainder when w is divid